{"id":9,"date":"2020-02-08T18:10:08","date_gmt":"2020-02-08T17:10:08","guid":{"rendered":"http:\/\/democratie-au-coeur-de-psl.fr\/?page_id=9"},"modified":"2021-09-07T09:40:58","modified_gmt":"2021-09-07T07:40:58","slug":"agenda","status":"publish","type":"page","link":"https:\/\/democratie-au-coeur-de-psl.fr\/?page_id=9","title":{"rendered":"Agenda"},"content":{"rendered":"\n<h2 class=\"wp-block-heading\">Prochaines sessions du conseil d&rsquo;administration<\/h2>\n\n\n\n<ul><li>7 octobre 2021<\/li><li>16 d\u00e9cembre 2021<\/li><li>10 mars 2022<\/li><li>19 mai 2022<\/li><li>30 juin 2022<\/li><\/ul>\n\n\n\n<p><\/p>\n","protected":false},"excerpt":{"rendered":"<p>Prochaines sessions du conseil d&rsquo;administration 7 octobre 2021 16 d\u00e9cembre 2021 10 mars 2022 19 mai 2022 30 juin 2022<\/p>\n","protected":false},"author":1,"featured_media":413,"parent":0,"menu_order":0,"comment_status":"closed","ping_status":"closed","template":"","meta":{"footnotes":""},"yoast_head":"<!-- This site is optimized with the Yoast SEO plugin v22.9 - https:\/\/yoast.com\/wordpress\/plugins\/seo\/ -->\n<title>Agenda - D\u00e9mocratie et int\u00e9r\u00eat g\u00e9n\u00e9ral au c\u0153ur de PSL<\/title>\n<meta name=\"robots\" content=\"index, follow, max-snippet:-1, max-image-preview:large, max-video-preview:-1\" \/>\n<link rel=\"canonical\" href=\"https:\/\/democratie-au-coeur-de-psl.fr\/?page_id=9\" \/>\n<meta property=\"og:locale\" content=\"fr_FR\" \/>\n<meta property=\"og:type\" content=\"article\" \/>\n<meta property=\"og:title\" content=\"Agenda - D\u00e9mocratie et int\u00e9r\u00eat g\u00e9n\u00e9ral au c\u0153ur de PSL\" \/>\n<meta property=\"og:description\" content=\"Prochaines sessions du conseil d&rsquo;administration 7 octobre 2021 16 d\u00e9cembre 2021 10 mars 2022 19 mai 2022 30 juin 2022\" \/>\n<meta property=\"og:url\" content=\"https:\/\/democratie-au-coeur-de-psl.fr\/?page_id=9\" \/>\n<meta property=\"og:site_name\" content=\"D\u00e9mocratie et int\u00e9r\u00eat g\u00e9n\u00e9ral au c\u0153ur de PSL\" \/>\n<meta property=\"article:modified_time\" content=\"2021-09-07T07:40:58+00:00\" \/>\n<meta property=\"og:image\" content=\"https:\/\/democratie-au-coeur-de-psl.fr\/wp-content\/uploads\/2020\/07\/1936-agenda-069.jpg\" \/>\n\t<meta property=\"og:image:width\" content=\"914\" \/>\n\t<meta property=\"og:image:height\" content=\"697\" \/>\n\t<meta property=\"og:image:type\" content=\"image\/jpeg\" \/>\n<meta name=\"twitter:card\" content=\"summary_large_image\" \/>\n<meta name=\"twitter:site\" content=\"@Syndic_CA_PSL\" \/>\n<script type=\"application\/ld+json\" class=\"yoast-schema-graph\">{\"@context\":\"https:\/\/schema.org\",\"@graph\":[{\"@type\":\"WebPage\",\"@id\":\"https:\/\/democratie-au-coeur-de-psl.fr\/?page_id=9\",\"url\":\"https:\/\/democratie-au-coeur-de-psl.fr\/?page_id=9\",\"name\":\"Agenda - D\u00e9mocratie et int\u00e9r\u00eat g\u00e9n\u00e9ral au c\u0153ur de PSL\",\"isPartOf\":{\"@id\":\"https:\/\/democratie-au-coeur-de-psl.fr\/#website\"},\"primaryImageOfPage\":{\"@id\":\"https:\/\/democratie-au-coeur-de-psl.fr\/?page_id=9#primaryimage\"},\"image\":{\"@id\":\"https:\/\/democratie-au-coeur-de-psl.fr\/?page_id=9#primaryimage\"},\"thumbnailUrl\":\"https:\/\/democratie-au-coeur-de-psl.fr\/wp-content\/uploads\/2020\/07\/1936-agenda-069.jpg\",\"datePublished\":\"2020-02-08T17:10:08+00:00\",\"dateModified\":\"2021-09-07T07:40:58+00:00\",\"breadcrumb\":{\"@id\":\"https:\/\/democratie-au-coeur-de-psl.fr\/?page_id=9#breadcrumb\"},\"inLanguage\":\"fr-FR\",\"potentialAction\":[{\"@type\":\"ReadAction\",\"target\":[\"https:\/\/democratie-au-coeur-de-psl.fr\/?page_id=9\"]}]},{\"@type\":\"ImageObject\",\"inLanguage\":\"fr-FR\",\"@id\":\"https:\/\/democratie-au-coeur-de-psl.fr\/?page_id=9#primaryimage\",\"url\":\"https:\/\/democratie-au-coeur-de-psl.fr\/wp-content\/uploads\/2020\/07\/1936-agenda-069.jpg\",\"contentUrl\":\"https:\/\/democratie-au-coeur-de-psl.fr\/wp-content\/uploads\/2020\/07\/1936-agenda-069.jpg\",\"width\":914,\"height\":697},{\"@type\":\"BreadcrumbList\",\"@id\":\"https:\/\/democratie-au-coeur-de-psl.fr\/?page_id=9#breadcrumb\",\"itemListElement\":[{\"@type\":\"ListItem\",\"position\":1,\"name\":\"Accueil\",\"item\":\"https:\/\/democratie-au-coeur-de-psl.fr\/\"},{\"@type\":\"ListItem\",\"position\":2,\"name\":\"Agenda\"}]},{\"@type\":\"WebSite\",\"@id\":\"https:\/\/democratie-au-coeur-de-psl.fr\/#website\",\"url\":\"https:\/\/democratie-au-coeur-de-psl.fr\/\",\"name\":\"D\u00e9mocratie et int\u00e9r\u00eat g\u00e9n\u00e9ral au c\u0153ur de PSL\",\"description\":\"Listes soutenues par la CGT au CA de PSL\",\"publisher\":{\"@id\":\"https:\/\/democratie-au-coeur-de-psl.fr\/#organization\"},\"potentialAction\":[{\"@type\":\"SearchAction\",\"target\":{\"@type\":\"EntryPoint\",\"urlTemplate\":\"https:\/\/democratie-au-coeur-de-psl.fr\/?s={search_term_string}\"},\"query-input\":\"required name=search_term_string\"}],\"inLanguage\":\"fr-FR\"},{\"@type\":\"Organization\",\"@id\":\"https:\/\/democratie-au-coeur-de-psl.fr\/#organization\",\"name\":\"D\u00e9mocratie et int\u00e9r\u00eat g\u00e9n\u00e9ral au c\u0153ur de PSL\",\"url\":\"https:\/\/democratie-au-coeur-de-psl.fr\/\",\"logo\":{\"@type\":\"ImageObject\",\"inLanguage\":\"fr-FR\",\"@id\":\"https:\/\/democratie-au-coeur-de-psl.fr\/#\/schema\/logo\/image\/\",\"url\":\"https:\/\/democratie-au-coeur-de-psl.fr\/wp-content\/uploads\/2020\/07\/cropped-tableau-1.jpg\",\"contentUrl\":\"https:\/\/democratie-au-coeur-de-psl.fr\/wp-content\/uploads\/2020\/07\/cropped-tableau-1.jpg\",\"width\":1920,\"height\":640,\"caption\":\"D\u00e9mocratie et int\u00e9r\u00eat g\u00e9n\u00e9ral au c\u0153ur de PSL\"},\"image\":{\"@id\":\"https:\/\/democratie-au-coeur-de-psl.fr\/#\/schema\/logo\/image\/\"},\"sameAs\":[\"https:\/\/x.com\/Syndic_CA_PSL\"]}]}<\/script>\n<!-- \/ Yoast SEO plugin. -->","yoast_head_json":{"title":"Agenda - D\u00e9mocratie et int\u00e9r\u00eat g\u00e9n\u00e9ral au c\u0153ur de PSL","robots":{"index":"index","follow":"follow","max-snippet":"max-snippet:-1","max-image-preview":"max-image-preview:large","max-video-preview":"max-video-preview:-1"},"canonical":"https:\/\/democratie-au-coeur-de-psl.fr\/?page_id=9","og_locale":"fr_FR","og_type":"article","og_title":"Agenda - D\u00e9mocratie et int\u00e9r\u00eat g\u00e9n\u00e9ral au c\u0153ur de PSL","og_description":"Prochaines sessions du conseil d&rsquo;administration 7 octobre 2021 16 d\u00e9cembre 2021 10 mars 2022 19 mai 2022 30 juin 2022","og_url":"https:\/\/democratie-au-coeur-de-psl.fr\/?page_id=9","og_site_name":"D\u00e9mocratie et int\u00e9r\u00eat g\u00e9n\u00e9ral au c\u0153ur de PSL","article_modified_time":"2021-09-07T07:40:58+00:00","og_image":[{"width":914,"height":697,"url":"https:\/\/democratie-au-coeur-de-psl.fr\/wp-content\/uploads\/2020\/07\/1936-agenda-069.jpg","type":"image\/jpeg"}],"twitter_card":"summary_large_image","twitter_site":"@Syndic_CA_PSL","schema":{"@context":"https:\/\/schema.org","@graph":[{"@type":"WebPage","@id":"https:\/\/democratie-au-coeur-de-psl.fr\/?page_id=9","url":"https:\/\/democratie-au-coeur-de-psl.fr\/?page_id=9","name":"Agenda - D\u00e9mocratie et int\u00e9r\u00eat g\u00e9n\u00e9ral au c\u0153ur de PSL","isPartOf":{"@id":"https:\/\/democratie-au-coeur-de-psl.fr\/#website"},"primaryImageOfPage":{"@id":"https:\/\/democratie-au-coeur-de-psl.fr\/?page_id=9#primaryimage"},"image":{"@id":"https:\/\/democratie-au-coeur-de-psl.fr\/?page_id=9#primaryimage"},"thumbnailUrl":"https:\/\/democratie-au-coeur-de-psl.fr\/wp-content\/uploads\/2020\/07\/1936-agenda-069.jpg","datePublished":"2020-02-08T17:10:08+00:00","dateModified":"2021-09-07T07:40:58+00:00","breadcrumb":{"@id":"https:\/\/democratie-au-coeur-de-psl.fr\/?page_id=9#breadcrumb"},"inLanguage":"fr-FR","potentialAction":[{"@type":"ReadAction","target":["https:\/\/democratie-au-coeur-de-psl.fr\/?page_id=9"]}]},{"@type":"ImageObject","inLanguage":"fr-FR","@id":"https:\/\/democratie-au-coeur-de-psl.fr\/?page_id=9#primaryimage","url":"https:\/\/democratie-au-coeur-de-psl.fr\/wp-content\/uploads\/2020\/07\/1936-agenda-069.jpg","contentUrl":"https:\/\/democratie-au-coeur-de-psl.fr\/wp-content\/uploads\/2020\/07\/1936-agenda-069.jpg","width":914,"height":697},{"@type":"BreadcrumbList","@id":"https:\/\/democratie-au-coeur-de-psl.fr\/?page_id=9#breadcrumb","itemListElement":[{"@type":"ListItem","position":1,"name":"Accueil","item":"https:\/\/democratie-au-coeur-de-psl.fr\/"},{"@type":"ListItem","position":2,"name":"Agenda"}]},{"@type":"WebSite","@id":"https:\/\/democratie-au-coeur-de-psl.fr\/#website","url":"https:\/\/democratie-au-coeur-de-psl.fr\/","name":"D\u00e9mocratie et int\u00e9r\u00eat g\u00e9n\u00e9ral au c\u0153ur de PSL","description":"Listes soutenues par la CGT au CA de PSL","publisher":{"@id":"https:\/\/democratie-au-coeur-de-psl.fr\/#organization"},"potentialAction":[{"@type":"SearchAction","target":{"@type":"EntryPoint","urlTemplate":"https:\/\/democratie-au-coeur-de-psl.fr\/?s={search_term_string}"},"query-input":"required name=search_term_string"}],"inLanguage":"fr-FR"},{"@type":"Organization","@id":"https:\/\/democratie-au-coeur-de-psl.fr\/#organization","name":"D\u00e9mocratie et int\u00e9r\u00eat g\u00e9n\u00e9ral au c\u0153ur de PSL","url":"https:\/\/democratie-au-coeur-de-psl.fr\/","logo":{"@type":"ImageObject","inLanguage":"fr-FR","@id":"https:\/\/democratie-au-coeur-de-psl.fr\/#\/schema\/logo\/image\/","url":"https:\/\/democratie-au-coeur-de-psl.fr\/wp-content\/uploads\/2020\/07\/cropped-tableau-1.jpg","contentUrl":"https:\/\/democratie-au-coeur-de-psl.fr\/wp-content\/uploads\/2020\/07\/cropped-tableau-1.jpg","width":1920,"height":640,"caption":"D\u00e9mocratie et int\u00e9r\u00eat g\u00e9n\u00e9ral au c\u0153ur de PSL"},"image":{"@id":"https:\/\/democratie-au-coeur-de-psl.fr\/#\/schema\/logo\/image\/"},"sameAs":["https:\/\/x.com\/Syndic_CA_PSL"]}]}},"jetpack_sharing_enabled":true,"_links":{"self":[{"href":"https:\/\/democratie-au-coeur-de-psl.fr\/index.php?rest_route=\/wp\/v2\/pages\/9"}],"collection":[{"href":"https:\/\/democratie-au-coeur-de-psl.fr\/index.php?rest_route=\/wp\/v2\/pages"}],"about":[{"href":"https:\/\/democratie-au-coeur-de-psl.fr\/index.php?rest_route=\/wp\/v2\/types\/page"}],"author":[{"embeddable":true,"href":"https:\/\/democratie-au-coeur-de-psl.fr\/index.php?rest_route=\/wp\/v2\/users\/1"}],"replies":[{"embeddable":true,"href":"https:\/\/democratie-au-coeur-de-psl.fr\/index.php?rest_route=%2Fwp%2Fv2%2Fcomments&post=9"}],"version-history":[{"count":13,"href":"https:\/\/democratie-au-coeur-de-psl.fr\/index.php?rest_route=\/wp\/v2\/pages\/9\/revisions"}],"predecessor-version":[{"id":1059,"href":"https:\/\/democratie-au-coeur-de-psl.fr\/index.php?rest_route=\/wp\/v2\/pages\/9\/revisions\/1059"}],"wp:featuredmedia":[{"embeddable":true,"href":"https:\/\/democratie-au-coeur-de-psl.fr\/index.php?rest_route=\/wp\/v2\/media\/413"}],"wp:attachment":[{"href":"https:\/\/democratie-au-coeur-de-psl.fr\/index.php?rest_route=%2Fwp%2Fv2%2Fmedia&parent=9"}],"curies":[{"name":"wp","href":"https:\/\/api.w.org\/{rel}","templated":true}]}}

<h2 class="wp-block-heading">Prochaines sessions du conseil d&rsquo;administration</h2>



<ul><li>7 octobre 2021</li><li>16 décembre 2021</li><li>10 mars 2022</li><li>19 mai 2022</li><li>30 juin 2022</li></ul>



<p></p>

<p>Prochaines sessions du conseil d&rsquo;administration 7 octobre 2021 16 décembre 2021 10 mars 2022 19 mai 2022 30 juin 2022</p>

<!-- This site is optimized with the Yoast SEO plugin v22.9 - https://yoast.com/wordpress/plugins/seo/ -->
<title>Agenda - Démocratie et intérêt général au cœur de PSL</title>
<meta name="robots" content="index, follow, max-snippet:-1, max-image-preview:large, max-video-preview:-1" />
<link rel="canonical" href="https://democratie-au-coeur-de-psl.fr/?page_id=9" />
<meta property="og:locale" content="fr_FR" />
<meta property="og:type" content="article" />
<meta property="og:title" content="Agenda - Démocratie et intérêt général au cœur de PSL" />
<meta property="og:description" content="Prochaines sessions du conseil d&rsquo;administration 7 octobre 2021 16 décembre 2021 10 mars 2022 19 mai 2022 30 juin 2022" />
<meta property="og:url" content="https://democratie-au-coeur-de-psl.fr/?page_id=9" />
<meta property="og:site_name" content="Démocratie et intérêt général au cœur de PSL" />
<meta property="article:modified_time" content="2021-09-07T07:40:58+00:00" />
<meta property="og:image" content="https://democratie-au-coeur-de-psl.fr/wp-content/uploads/2020/07/1936-agenda-069.jpg" />
	<meta property="og:image:width" content="914" />
	<meta property="og:image:height" content="697" />
	<meta property="og:image:type" content="image/jpeg" />
<meta name="twitter:card" content="summary_large_image" />
<meta name="twitter:site" content="@Syndic_CA_PSL" />
<script type="application/ld+json" class="yoast-schema-graph">{"@context":"https://schema.org","@graph":[{"@type":"WebPage","@id":"https://democratie-au-coeur-de-psl.fr/?page_id=9","url":"https://democratie-au-coeur-de-psl.fr/?page_id=9","name":"Agenda - Démocratie et intérêt général au cœur de PSL","isPartOf":{"@id":"https://democratie-au-coeur-de-psl.fr/#website"},"primaryImageOfPage":{"@id":"https://democratie-au-coeur-de-psl.fr/?page_id=9#primaryimage"},"image":{"@id":"https://democratie-au-coeur-de-psl.fr/?page_id=9#primaryimage"},"thumbnailUrl":"https://democratie-au-coeur-de-psl.fr/wp-content/uploads/2020/07/1936-agenda-069.jpg","datePublished":"2020-02-08T17:10:08+00:00","dateModified":"2021-09-07T07:40:58+00:00","breadcrumb":{"@id":"https://democratie-au-coeur-de-psl.fr/?page_id=9#breadcrumb"},"inLanguage":"fr-FR","potentialAction":[{"@type":"ReadAction","target":["https://democratie-au-coeur-de-psl.fr/?page_id=9"]}]},{"@type":"ImageObject","inLanguage":"fr-FR","@id":"https://democratie-au-coeur-de-psl.fr/?page_id=9#primaryimage","url":"https://democratie-au-coeur-de-psl.fr/wp-content/uploads/2020/07/1936-agenda-069.jpg","contentUrl":"https://democratie-au-coeur-de-psl.fr/wp-content/uploads/2020/07/1936-agenda-069.jpg","width":914,"height":697},{"@type":"BreadcrumbList","@id":"https://democratie-au-coeur-de-psl.fr/?page_id=9#breadcrumb","itemListElement":[{"@type":"ListItem","position":1,"name":"Accueil","item":"https://democratie-au-coeur-de-psl.fr/"},{"@type":"ListItem","position":2,"name":"Agenda"}]},{"@type":"WebSite","@id":"https://democratie-au-coeur-de-psl.fr/#website","url":"https://democratie-au-coeur-de-psl.fr/","name":"Démocratie et intérêt général au cœur de PSL","description":"Listes soutenues par la CGT au CA de PSL","publisher":{"@id":"https://democratie-au-coeur-de-psl.fr/#organization"},"potentialAction":[{"@type":"SearchAction","target":{"@type":"EntryPoint","urlTemplate":"https://democratie-au-coeur-de-psl.fr/?s={search_term_string}"},"query-input":"required name=search_term_string"}],"inLanguage":"fr-FR"},{"@type":"Organization","@id":"https://democratie-au-coeur-de-psl.fr/#organization","name":"Démocratie et intérêt général au cœur de PSL","url":"https://democratie-au-coeur-de-psl.fr/","logo":{"@type":"ImageObject","inLanguage":"fr-FR","@id":"https://democratie-au-coeur-de-psl.fr/#/schema/logo/image/","url":"https://democratie-au-coeur-de-psl.fr/wp-content/uploads/2020/07/cropped-tableau-1.jpg","contentUrl":"https://democratie-au-coeur-de-psl.fr/wp-content/uploads/2020/07/cropped-tableau-1.jpg","width":1920,"height":640,"caption":"Démocratie et intérêt général au cœur de PSL"},"image":{"@id":"https://democratie-au-coeur-de-psl.fr/#/schema/logo/image/"},"sameAs":["https://x.com/Syndic_CA_PSL"]}]}</script>
<!-- / Yoast SEO plugin. -->

Agenda - Démocratie et intérêt général au cœur de PSL

Prochaines sessions du conseil d&rsquo;administration 7 octobre 2021 16 décembre 2021 10 mars 2022 19 mai 2022 30 juin 2022

Démocratie et intérêt général au cœur de PSL
