{"id":64,"date":"2020-02-09T10:22:27","date_gmt":"2020-02-09T09:22:27","guid":{"rendered":"http:\/\/democratie-au-coeur-de-psl.fr\/?page_id=64"},"modified":"2020-07-03T15:36:40","modified_gmt":"2020-07-03T13:36:40","slug":"profession-de-foi","status":"publish","type":"page","link":"https:\/\/democratie-au-coeur-de-psl.fr\/?page_id=64","title":{"rendered":"Profession de foi"},"content":{"rendered":"\n<h2 class=\"wp-block-heading\">D\u00e9mocratie et int\u00e9r\u00eat g\u00e9n\u00e9ral au c\u0153ur de PSL<\/h2>\n\n\n\n<p>Apr\u00e8s avoir fonctionn\u00e9 plusieurs ann\u00e9es en tant que ComUe, PSL est d\u00e9sormais un \u00e9tablissement public \u00e0 caract\u00e8re scientifique, culturel  et professionnel exp\u00e9rimental qui rassemble onze \u00e9tablissements,  travaille avec trois organismes de recherche, et rassemble environ 17  000 \u00e9tudiant\u00b7es. En tant qu&rsquo;\u00e9tablissement exp\u00e9rimental, PSL peut  largement d\u00e9roger aux dispositions du code de l&rsquo;\u00e9ducation. De ce fait,  et au nom de l&rsquo; \u00ab\u00a0excellence internationale\u00a0\u00bb, PSL menace l&rsquo;acc\u00e8s \u00e0  l&rsquo;enseignement sup\u00e9rieur, l&rsquo;ind\u00e9pendance acad\u00e9mique et les statuts des  personnels.  Depuis le vote des statuts, les pouvoirs de d\u00e9cision  concernant nos dipl\u00f4mes, nos conditions de travail et d&#8217;emploi sont  concentr\u00e9s dans les mains de la direction de PSL. C&rsquo;est en effet au  sein de cette nouvelle technostructure que vont se d\u00e9cider les  politiques de formation et de recherche de chacun des \u00e9tablissements  membres, mais aussi la strat\u00e9gie en mati\u00e8re de ressources humaines ou  encore la gestion du parc immobilier.  La naissance de PSL participe  des politiques men\u00e9es dans l&rsquo;enseignement sup\u00e9rieur et la recherche  (ESR) depuis maintenant une vingtaine d\u2019ann\u00e9es. Elles consistent \u00e0  transformer le syst\u00e8me de l&rsquo;ESR fran\u00e7ais suivant une vision<br> n\u00e9olib\u00e9rale du monde, pour toujours plus d'\u00a0\u00bb excellence \u00ab\u00a0,  formidable outil pour accentuer encore les in\u00e9galit\u00e9s dans l&rsquo;ESR.<\/p>\n\n\n\n<p><strong>Ces transformations ne sont ni in\u00e9vitables ni indispensables.<\/strong>  Le fonctionnement actuel de PSL est un danger pour l&rsquo;ensemble des  membres du personnel, pour au moins trois raisons :<\/p>\n\n\n\n<ul><li>  La r\u00e9partition du pouvoir est clairement antid\u00e9mocratique,contourne les instances coll\u00e9giales universitaires b\u00e2ties \u00e0   l&rsquo;\u00e9chelle des \u00e9tablissements et laisse planer la menace d\u2019un  autoritarisme administratif rarement vu jusqu&rsquo;ici. Le pr\u00e9sident de  PSL est un \u00ab hyperpr\u00e9sident \u00bb qui pourra notamment assister aux  conseils d&rsquo;administration des \u00e9tablissements membres, et pourra censurer leur budget.<\/li><li>Les conditions de travail et d&#8217;emploi des agent\u00b7es sont profond\u00e9ment menac\u00e9es par la volont\u00e9 de mutualisation des fonctions  et des activit\u00e9s et la multiplication des statuts   contractuels au d\u00e9triment des postes de fonctionnaires.<\/li><li>L&rsquo;autonomie scientifique des enseignant\u00b7es chercheur\u00b7es est entam\u00e9e : perte de contr\u00f4le sur le contenu des formations (puisque  c&rsquo;est d\u00e9sormais PSL qui d\u00e9finit la strat\u00e9gie de l&rsquo;offre de  formation, et pourrait \u00e9galement vouloir supprimer des formations  vues comme doublons), mais aussi sur le recrutement des pairs  (puisque le CA de PSL peut \u00eatre saisi afin de s&rsquo;opposer \u00e0 un   recrutement).<\/li><\/ul>\n\n\n\n<p>L&rsquo;an dernier, la tentative de mise en place de la licence BNP dite \u00a0\u00bb positive impact \u00a0\u00bb a bien illustr\u00e9 les objectifs et les m\u00e9thodes  autoritaires de PSL. Sa cr\u00e9ation a \u00e9t\u00e9 annonc\u00e9e par la BNP Paribas et  PSL en d\u00e9cembre 2018, bien avant qu&rsquo;elle n&rsquo;ait fait l&rsquo;objet de  discussions au sein des instances de PSL et des \u00e9tablissements. Cette  licence illustre ensuite le mod\u00e8le de fonctionnement promu au sein de  PSL, qui repose largement sur des financements priv\u00e9s, quitte \u00e0  demander aux enseignant\u00b7es-chercheur\u00b7es de ne pas porter atteinte \u00e0  l&rsquo;image de ces m\u00e9c\u00e8nes\u2026 qui pourtant en tirent une image vertueuse  et de futur\u00b7es cadres \u00e0 peu de frais (puisque leur investissement est largement d\u00e9fiscalis\u00e9) !  <\/p>\n\n\n\n<p><strong>Nous devons \u00eatre pr\u00e9sent\u00b7es et vigilant\u00b7es<\/strong> \u00e0 tous les \u00e9tages de cette  machinerie. C&rsquo;est pour cela que nous nous pr\u00e9sentons \u00e0 l&rsquo;\u00e9lection au  conseil d&rsquo;administration. Si vous nous faites confiance, nous  veillerons \u00e0 :<\/p>\n\n\n\n<ul><li><strong>promouvoir<\/strong> un service public de l&rsquo;enseignement sup\u00e9rieur gratuit et accessible au plus grand nombre,<\/li><li> <strong>maintenir<\/strong> des formations et des recherches ind\u00e9pendantes du new public management comme des financements priv\u00e9s,<\/li><li> <strong>d\u00e9fendre<\/strong> les statuts d&#8217;emploi et les conditions de travail des agent\u00b7es, personnels administratifs et enseignant\u00b7es-chercheur\u00b7es.<\/li><\/ul>\n\n\n\n<p>En outre, pour lutter contre la d\u00e9possession d\u00e9mocratique de nos  \u00e9tablissements et de PSL, nous nous engageons \u00e0 nous concerter avec  vous le plus r\u00e9guli\u00e8rement possible via des AG des personnels, afin de  repr\u00e9senter au mieux les agent\u00b7es et salari\u00e9\u00b7es de PSL et de ses  \u00e9tablissements.<\/p>\n","protected":false},"excerpt":{"rendered":"<p>D\u00e9mocratie et int\u00e9r\u00eat g\u00e9n\u00e9ral au c\u0153ur de PSL Apr\u00e8s avoir fonctionn\u00e9 plusieurs ann\u00e9es en tant que ComUe, PSL est d\u00e9sormais un \u00e9tablissement public \u00e0 caract\u00e8re scientifique, culturel et professionnel exp\u00e9rimental qui rassemble onze \u00e9tablissements, travaille avec trois organismes de recherche, et rassemble environ 17 000 \u00e9tudiant\u00b7es. En tant qu&rsquo;\u00e9tablissement exp\u00e9rimental, PSL peut largement d\u00e9roger aux &hellip;<\/p>\n<p class=\"read-more\"> <a class=\"\" href=\"https:\/\/democratie-au-coeur-de-psl.fr\/?page_id=64\"> <span class=\"screen-reader-text\">Profession de foi<\/span> Lire la suite\u00a0\u00bb<\/a><\/p>\n","protected":false},"author":1,"featured_media":436,"parent":15,"menu_order":0,"comment_status":"closed","ping_status":"closed","template":"","meta":{"footnotes":""},"yoast_head":"<!-- This site is optimized with the Yoast SEO plugin v22.9 - https:\/\/yoast.com\/wordpress\/plugins\/seo\/ -->\n<title>Profession de foi - D\u00e9mocratie et int\u00e9r\u00eat g\u00e9n\u00e9ral au c\u0153ur de PSL<\/title>\n<meta name=\"robots\" content=\"index, follow, max-snippet:-1, max-image-preview:large, max-video-preview:-1\" \/>\n<link rel=\"canonical\" href=\"https:\/\/democratie-au-coeur-de-psl.fr\/?page_id=64\" \/>\n<meta property=\"og:locale\" content=\"fr_FR\" \/>\n<meta property=\"og:type\" content=\"article\" \/>\n<meta property=\"og:title\" content=\"Profession de foi - D\u00e9mocratie et int\u00e9r\u00eat g\u00e9n\u00e9ral au c\u0153ur de PSL\" \/>\n<meta property=\"og:description\" content=\"D\u00e9mocratie et int\u00e9r\u00eat g\u00e9n\u00e9ral au c\u0153ur de PSL Apr\u00e8s avoir fonctionn\u00e9 plusieurs ann\u00e9es en tant que ComUe, PSL est d\u00e9sormais un \u00e9tablissement public \u00e0 caract\u00e8re scientifique, culturel et professionnel exp\u00e9rimental qui rassemble onze \u00e9tablissements, travaille avec trois organismes de recherche, et rassemble environ 17 000 \u00e9tudiant\u00b7es. En tant qu&rsquo;\u00e9tablissement exp\u00e9rimental, PSL peut largement d\u00e9roger aux &hellip; Profession de foi Lire la suite\u00a0\u00bb\" \/>\n<meta property=\"og:url\" content=\"https:\/\/democratie-au-coeur-de-psl.fr\/?page_id=64\" \/>\n<meta property=\"og:site_name\" content=\"D\u00e9mocratie et int\u00e9r\u00eat g\u00e9n\u00e9ral au c\u0153ur de PSL\" \/>\n<meta property=\"article:modified_time\" content=\"2020-07-03T13:36:40+00:00\" \/>\n<meta property=\"og:image\" content=\"https:\/\/democratie-au-coeur-de-psl.fr\/wp-content\/uploads\/2020\/07\/profession-de-foi.jpg\" \/>\n\t<meta property=\"og:image:width\" content=\"1560\" \/>\n\t<meta property=\"og:image:height\" content=\"1040\" \/>\n\t<meta property=\"og:image:type\" content=\"image\/jpeg\" \/>\n<meta name=\"twitter:card\" content=\"summary_large_image\" \/>\n<meta name=\"twitter:site\" content=\"@Syndic_CA_PSL\" \/>\n<meta name=\"twitter:label1\" content=\"Dur\u00e9e de lecture estim\u00e9e\" \/>\n\t<meta name=\"twitter:data1\" content=\"3 minutes\" \/>\n<script type=\"application\/ld+json\" class=\"yoast-schema-graph\">{\"@context\":\"https:\/\/schema.org\",\"@graph\":[{\"@type\":\"WebPage\",\"@id\":\"https:\/\/democratie-au-coeur-de-psl.fr\/?page_id=64\",\"url\":\"https:\/\/democratie-au-coeur-de-psl.fr\/?page_id=64\",\"name\":\"Profession de foi - D\u00e9mocratie et int\u00e9r\u00eat g\u00e9n\u00e9ral au c\u0153ur de PSL\",\"isPartOf\":{\"@id\":\"https:\/\/democratie-au-coeur-de-psl.fr\/#website\"},\"primaryImageOfPage\":{\"@id\":\"https:\/\/democratie-au-coeur-de-psl.fr\/?page_id=64#primaryimage\"},\"image\":{\"@id\":\"https:\/\/democratie-au-coeur-de-psl.fr\/?page_id=64#primaryimage\"},\"thumbnailUrl\":\"https:\/\/democratie-au-coeur-de-psl.fr\/wp-content\/uploads\/2020\/07\/profession-de-foi.jpg\",\"datePublished\":\"2020-02-09T09:22:27+00:00\",\"dateModified\":\"2020-07-03T13:36:40+00:00\",\"breadcrumb\":{\"@id\":\"https:\/\/democratie-au-coeur-de-psl.fr\/?page_id=64#breadcrumb\"},\"inLanguage\":\"fr-FR\",\"potentialAction\":[{\"@type\":\"ReadAction\",\"target\":[\"https:\/\/democratie-au-coeur-de-psl.fr\/?page_id=64\"]}]},{\"@type\":\"ImageObject\",\"inLanguage\":\"fr-FR\",\"@id\":\"https:\/\/democratie-au-coeur-de-psl.fr\/?page_id=64#primaryimage\",\"url\":\"https:\/\/democratie-au-coeur-de-psl.fr\/wp-content\/uploads\/2020\/07\/profession-de-foi.jpg\",\"contentUrl\":\"https:\/\/democratie-au-coeur-de-psl.fr\/wp-content\/uploads\/2020\/07\/profession-de-foi.jpg\",\"width\":1560,\"height\":1040},{\"@type\":\"BreadcrumbList\",\"@id\":\"https:\/\/democratie-au-coeur-de-psl.fr\/?page_id=64#breadcrumb\",\"itemListElement\":[{\"@type\":\"ListItem\",\"position\":1,\"name\":\"Accueil\",\"item\":\"https:\/\/democratie-au-coeur-de-psl.fr\/\"},{\"@type\":\"ListItem\",\"position\":2,\"name\":\"Documents utiles\",\"item\":\"https:\/\/democratie-au-coeur-de-psl.fr\/?page_id=15\"},{\"@type\":\"ListItem\",\"position\":3,\"name\":\"Profession de foi\"}]},{\"@type\":\"WebSite\",\"@id\":\"https:\/\/democratie-au-coeur-de-psl.fr\/#website\",\"url\":\"https:\/\/democratie-au-coeur-de-psl.fr\/\",\"name\":\"D\u00e9mocratie et int\u00e9r\u00eat g\u00e9n\u00e9ral au c\u0153ur de PSL\",\"description\":\"Listes soutenues par la CGT au CA de PSL\",\"publisher\":{\"@id\":\"https:\/\/democratie-au-coeur-de-psl.fr\/#organization\"},\"potentialAction\":[{\"@type\":\"SearchAction\",\"target\":{\"@type\":\"EntryPoint\",\"urlTemplate\":\"https:\/\/democratie-au-coeur-de-psl.fr\/?s={search_term_string}\"},\"query-input\":\"required name=search_term_string\"}],\"inLanguage\":\"fr-FR\"},{\"@type\":\"Organization\",\"@id\":\"https:\/\/democratie-au-coeur-de-psl.fr\/#organization\",\"name\":\"D\u00e9mocratie et int\u00e9r\u00eat g\u00e9n\u00e9ral au c\u0153ur de PSL\",\"url\":\"https:\/\/democratie-au-coeur-de-psl.fr\/\",\"logo\":{\"@type\":\"ImageObject\",\"inLanguage\":\"fr-FR\",\"@id\":\"https:\/\/democratie-au-coeur-de-psl.fr\/#\/schema\/logo\/image\/\",\"url\":\"https:\/\/democratie-au-coeur-de-psl.fr\/wp-content\/uploads\/2020\/07\/cropped-tableau-1.jpg\",\"contentUrl\":\"https:\/\/democratie-au-coeur-de-psl.fr\/wp-content\/uploads\/2020\/07\/cropped-tableau-1.jpg\",\"width\":1920,\"height\":640,\"caption\":\"D\u00e9mocratie et int\u00e9r\u00eat g\u00e9n\u00e9ral au c\u0153ur de PSL\"},\"image\":{\"@id\":\"https:\/\/democratie-au-coeur-de-psl.fr\/#\/schema\/logo\/image\/\"},\"sameAs\":[\"https:\/\/x.com\/Syndic_CA_PSL\"]}]}<\/script>\n<!-- \/ Yoast SEO plugin. -->","yoast_head_json":{"title":"Profession de foi - D\u00e9mocratie et int\u00e9r\u00eat g\u00e9n\u00e9ral au c\u0153ur de PSL","robots":{"index":"index","follow":"follow","max-snippet":"max-snippet:-1","max-image-preview":"max-image-preview:large","max-video-preview":"max-video-preview:-1"},"canonical":"https:\/\/democratie-au-coeur-de-psl.fr\/?page_id=64","og_locale":"fr_FR","og_type":"article","og_title":"Profession de foi - D\u00e9mocratie et int\u00e9r\u00eat g\u00e9n\u00e9ral au c\u0153ur de PSL","og_description":"D\u00e9mocratie et int\u00e9r\u00eat g\u00e9n\u00e9ral au c\u0153ur de PSL Apr\u00e8s avoir fonctionn\u00e9 plusieurs ann\u00e9es en tant que ComUe, PSL est d\u00e9sormais un \u00e9tablissement public \u00e0 caract\u00e8re scientifique, culturel et professionnel exp\u00e9rimental qui rassemble onze \u00e9tablissements, travaille avec trois organismes de recherche, et rassemble environ 17 000 \u00e9tudiant\u00b7es. En tant qu&rsquo;\u00e9tablissement exp\u00e9rimental, PSL peut largement d\u00e9roger aux &hellip; Profession de foi Lire la suite\u00a0\u00bb","og_url":"https:\/\/democratie-au-coeur-de-psl.fr\/?page_id=64","og_site_name":"D\u00e9mocratie et int\u00e9r\u00eat g\u00e9n\u00e9ral au c\u0153ur de PSL","article_modified_time":"2020-07-03T13:36:40+00:00","og_image":[{"width":1560,"height":1040,"url":"https:\/\/democratie-au-coeur-de-psl.fr\/wp-content\/uploads\/2020\/07\/profession-de-foi.jpg","type":"image\/jpeg"}],"twitter_card":"summary_large_image","twitter_site":"@Syndic_CA_PSL","twitter_misc":{"Dur\u00e9e de lecture estim\u00e9e":"3 minutes"},"schema":{"@context":"https:\/\/schema.org","@graph":[{"@type":"WebPage","@id":"https:\/\/democratie-au-coeur-de-psl.fr\/?page_id=64","url":"https:\/\/democratie-au-coeur-de-psl.fr\/?page_id=64","name":"Profession de foi - D\u00e9mocratie et int\u00e9r\u00eat g\u00e9n\u00e9ral au c\u0153ur de PSL","isPartOf":{"@id":"https:\/\/democratie-au-coeur-de-psl.fr\/#website"},"primaryImageOfPage":{"@id":"https:\/\/democratie-au-coeur-de-psl.fr\/?page_id=64#primaryimage"},"image":{"@id":"https:\/\/democratie-au-coeur-de-psl.fr\/?page_id=64#primaryimage"},"thumbnailUrl":"https:\/\/democratie-au-coeur-de-psl.fr\/wp-content\/uploads\/2020\/07\/profession-de-foi.jpg","datePublished":"2020-02-09T09:22:27+00:00","dateModified":"2020-07-03T13:36:40+00:00","breadcrumb":{"@id":"https:\/\/democratie-au-coeur-de-psl.fr\/?page_id=64#breadcrumb"},"inLanguage":"fr-FR","potentialAction":[{"@type":"ReadAction","target":["https:\/\/democratie-au-coeur-de-psl.fr\/?page_id=64"]}]},{"@type":"ImageObject","inLanguage":"fr-FR","@id":"https:\/\/democratie-au-coeur-de-psl.fr\/?page_id=64#primaryimage","url":"https:\/\/democratie-au-coeur-de-psl.fr\/wp-content\/uploads\/2020\/07\/profession-de-foi.jpg","contentUrl":"https:\/\/democratie-au-coeur-de-psl.fr\/wp-content\/uploads\/2020\/07\/profession-de-foi.jpg","width":1560,"height":1040},{"@type":"BreadcrumbList","@id":"https:\/\/democratie-au-coeur-de-psl.fr\/?page_id=64#breadcrumb","itemListElement":[{"@type":"ListItem","position":1,"name":"Accueil","item":"https:\/\/democratie-au-coeur-de-psl.fr\/"},{"@type":"ListItem","position":2,"name":"Documents utiles","item":"https:\/\/democratie-au-coeur-de-psl.fr\/?page_id=15"},{"@type":"ListItem","position":3,"name":"Profession de foi"}]},{"@type":"WebSite","@id":"https:\/\/democratie-au-coeur-de-psl.fr\/#website","url":"https:\/\/democratie-au-coeur-de-psl.fr\/","name":"D\u00e9mocratie et int\u00e9r\u00eat g\u00e9n\u00e9ral au c\u0153ur de PSL","description":"Listes soutenues par la CGT au CA de PSL","publisher":{"@id":"https:\/\/democratie-au-coeur-de-psl.fr\/#organization"},"potentialAction":[{"@type":"SearchAction","target":{"@type":"EntryPoint","urlTemplate":"https:\/\/democratie-au-coeur-de-psl.fr\/?s={search_term_string}"},"query-input":"required name=search_term_string"}],"inLanguage":"fr-FR"},{"@type":"Organization","@id":"https:\/\/democratie-au-coeur-de-psl.fr\/#organization","name":"D\u00e9mocratie et int\u00e9r\u00eat g\u00e9n\u00e9ral au c\u0153ur de PSL","url":"https:\/\/democratie-au-coeur-de-psl.fr\/","logo":{"@type":"ImageObject","inLanguage":"fr-FR","@id":"https:\/\/democratie-au-coeur-de-psl.fr\/#\/schema\/logo\/image\/","url":"https:\/\/democratie-au-coeur-de-psl.fr\/wp-content\/uploads\/2020\/07\/cropped-tableau-1.jpg","contentUrl":"https:\/\/democratie-au-coeur-de-psl.fr\/wp-content\/uploads\/2020\/07\/cropped-tableau-1.jpg","width":1920,"height":640,"caption":"D\u00e9mocratie et int\u00e9r\u00eat g\u00e9n\u00e9ral au c\u0153ur de PSL"},"image":{"@id":"https:\/\/democratie-au-coeur-de-psl.fr\/#\/schema\/logo\/image\/"},"sameAs":["https:\/\/x.com\/Syndic_CA_PSL"]}]}},"jetpack_sharing_enabled":true,"_links":{"self":[{"href":"https:\/\/democratie-au-coeur-de-psl.fr\/index.php?rest_route=\/wp\/v2\/pages\/64"}],"collection":[{"href":"https:\/\/democratie-au-coeur-de-psl.fr\/index.php?rest_route=\/wp\/v2\/pages"}],"about":[{"href":"https:\/\/democratie-au-coeur-de-psl.fr\/index.php?rest_route=\/wp\/v2\/types\/page"}],"author":[{"embeddable":true,"href":"https:\/\/democratie-au-coeur-de-psl.fr\/index.php?rest_route=\/wp\/v2\/users\/1"}],"replies":[{"embeddable":true,"href":"https:\/\/democratie-au-coeur-de-psl.fr\/index.php?rest_route=%2Fwp%2Fv2%2Fcomments&post=64"}],"version-history":[{"count":7,"href":"https:\/\/democratie-au-coeur-de-psl.fr\/index.php?rest_route=\/wp\/v2\/pages\/64\/revisions"}],"predecessor-version":[{"id":437,"href":"https:\/\/democratie-au-coeur-de-psl.fr\/index.php?rest_route=\/wp\/v2\/pages\/64\/revisions\/437"}],"up":[{"embeddable":true,"href":"https:\/\/democratie-au-coeur-de-psl.fr\/index.php?rest_route=\/wp\/v2\/pages\/15"}],"wp:featuredmedia":[{"embeddable":true,"href":"https:\/\/democratie-au-coeur-de-psl.fr\/index.php?rest_route=\/wp\/v2\/media\/436"}],"wp:attachment":[{"href":"https:\/\/democratie-au-coeur-de-psl.fr\/index.php?rest_route=%2Fwp%2Fv2%2Fmedia&parent=64"}],"curies":[{"name":"wp","href":"https:\/\/api.w.org\/{rel}","templated":true}]}}